+ v/4. What is the hundreds digit of (1544/12)/((-3)/n*-4)?
1
Let q = 99 + -96. Suppose -5*a - 874 = -q*f - 0*a, 3*a - 296 = -f. What is the tens digit of f?
9
Let w be 1778/4 - 1/2. Let y be (-236)/354 + 1870/6. Let n = w - y. What is the units digit of n?
3
Let p(q) = -9*q - 3 - 2 + 49*q. Suppose -2*t = 5*x + 21, 2*x + 20 = -0*t + 5*t. What is the units digit of p(t)?
5
Let q(o) = 402*o**2 + o - 80. What is the thousands digit of q(13)?
7
Suppose -5*z = -16 + 1. Suppose -160 = -5*d - 5*n, z*n = -2*d - 2*d + 132. Suppose -p = -47 - d. What is the tens digit of p?
8
Let f(a) = 562*a - 2282. What is the hundreds digit of f(6)?
0
Suppose -35*n + 1194491 = -207014. What is the thousands digit of n?
0
Let q = 4835 - 3272. Suppose 5*z + c - 1553 = 0, -q = -5*z + 5*c - c. What is the units digit of z?
1
Let j(o) = 78*o**2 - 159*o - 73. What is the thousands digit of j(-7)?
4
Let j(h) = -45*h - 61*h + 7 + 85*h + 3. What is the hundreds digit of j(-11)?
2
Let r = 2296 + -3261. Let g = r - -1614. What is the tens digit of g?
4
Suppose -28770 = -5*f - 10*m + 14*m, 5*f = 2*m + 28780. What is the hundreds digit of f?
7
Let q(k) = -k**3 - 22*k**2 - 40*k + 4. Let y be q(-20). What is the units digit of (-19190)/(-60) - y/(-24)?
0
Suppose -21*w - 8 = -17*w. Let u be w/((-987)/246 + 4). Let j = -78 + u. What is the tens digit of j?
8
Let r = -7248 + 10770. What is the units digit of r?
2
Suppose -169238 - 310296 = -142*v. What is the hundreds digit of v?
3
Let q(z) = -560*z + 3930. What is the tens digit of q(-36)?
9
Let c = 167 + 486. Suppose -631 = -q - 4*r, -15 + c = q - 3*r. Let y = -421 + q. What is the units digit of y?
4
Suppose 2*o + 0*y = 5*y - 1, 3*y = o + 1. Let s be (2/(-1) + o)*-1. Suppose h = j + 2*h - 30, s = -4*j - 3*h + 123. What is the tens digit of j?
3
Suppose -3*f - 2*f + 3362 = 2*t, 2*t - 3380 = 4*f. Suppose -10*k = -7*k - t. What is the hundreds digit of k?
5
Let h = 211 + -199. What is the tens digit of (-509)/(-3) - h/18?
6
Suppose 0 = -33*p + 8*p + 191561 + 15314. What is the tens digit of p?
7
Let w(v) = 2123*v + 101. What is the tens digit of w(3)?
7
Let m(r) = 5*r - 40. Let h be m(8). Suppose -2 = -q, h = -3*y - 0*q - 5*q + 346. What is the tens digit of y?
1
Let d(k) = -k**3 + 5*k**2 + 16*k - 14. Let q be d(7). Suppose 4*j - 3184 = 2*t + 2*t, -2*j - t + 1580 = q. What is the tens digit of j?
9
Suppose -16 = 4*d, 5*d + 24 = 4*o + 4*d. Suppose j + 291 = o*s - 10, -s + 3*j = -63. Suppose 89 - 19 = 2*w + z, 2*w = 4*z + s. What is the tens digit of w?
3
Suppose 2923*x - 2883*x - 1554880 = 0. What is the tens digit of x?
7
Let i(s) = s**2 - 4*s - 12. Let y be i(6). Suppose -l + 122 + 210 = y. What is the tens digit of l?
3
Suppose 100*h = 1270220 + 567780. What is the units digit of h?
0
Let o = 12788 - 8300. Suppose -9*l - 6 = -11*l, 3*i - o = 2*l. What is the thousands digit of i?
1
Let n(i) = -54*i + 2. Let x(a) = -a**2 + 5*a - 4. Let d be x(3). Suppose 6 = d*m + 2*b, -4*m + 4 - 28 = -5*b. What is the units digit of n(m)?
6
Let k(p) = 5*p - 16. Let c(w) = 11*w - 33. Let o(x) = 6*c(x) - 14*k(x). Let f be 0 - 3 - (-2)/1*207/(-18). What is the units digit of o(f)?
0
Let u(o) = -173*o - 385. What is the thousands digit of u(-44)?
7
Let f(c) = 36 - 26*c + 10*c + 22. What is the tens digit of f(-16)?
1
Let b(a) = 8310*a**2 - 6*a + 1. What is the hundreds digit of b(1)?
3
Let i(y) = -y**2 + 6*y + 11. Let f = 50 - 43. Let q be i(f). Suppose 197 = q*u - 35. What is the units digit of u?
8
Let k be -5 - (-1 - 1 - 8). Let x = k - -63. What is the units digit of x?
8
Let t(o) = -18*o**3 + 9*o**2 + 60*o + 448. What is the tens digit of t(-8)?
6
Suppose -145 = -3*a + 134. Let v be (10/(-6))/(5/15) + 7. Suppose -t + a = v*t. What is the units digit of t?
1
Let u = -385 - -373. What is the hundreds digit of (-4388)/u - (0 + (-2)/(-3))?
3
Suppose -3*y + 349762 = 8*y + 3*y. What is the ten thousands digit of y?
2
Suppose -u - 2*u = 762. Let y be (-1298)/236 - 5/2. What is the tens digit of u/y + -2 + (-4)/(-16)?
3
Let i be (-366)/4*968/(-66). Let s = 1920 - i. What is the units digit of s?
8
Let s be ((-1)/2)/((-18)/25272). Suppose -3*p + s = 5*h, -87 - 193 = -2*h - 2*p. Suppose -h = -4*g + 99. What is the tens digit of g?
6
What is the thousands digit of (((-3)/(-7))/3)/((-110)/(-1260490))?
1
Suppose 44*z - 39 = 41*z. Let g be (-2 + 11)/(1/z). Let x = g - 64. What is the units digit of x?
3
Suppose -5*d = q - 55380, 182*q + 33228 = 3*d + 186*q. What is the units digit of d?
6
Let s(n) = 40*n**2 + 35*n - 98. What is the units digit of s(-9)?
7
Suppose r - 67 = -4*r + 2*p, 0 = 2*r + 5*p - 50. Suppose r*v - 114 = 17*v. Let u = 95 + v. What is the tens digit of u?
3
Let m(b) = 3*b**2 - 122*b - 653. What is the thousands digit of m(64)?
3
Let j be (-15)/(-10)*6/(-9). Let n(k) = -34*k**3 - 2*k**2 - 2*k - 1. Let i(g) = g**3. Let t(p) = -6*i(p) + n(p). What is the units digit of t(j)?
9
Suppose 0 = 3*l + 4*n - 32712, 9*n - 13*n - 43616 = -4*l. What is the tens digit of l?
0
Suppose -8*i + 135 = 95. Suppose -434 = 3*a - 6*a - g, a - i*g - 150 = 0. What is the hundreds digit of a?
1
Suppose 2 = g, 0 = 2*m - 3*g + 8 - 0. What is the units digit of 0 + 6 + m + 233?
8
Suppose 14*n - 61200 = 5*n. Suppose -3*v - n = -20*v. What is the tens digit of v?
0
Let t be (-1 - 12/(-9)) + (-1401)/(-9). Let i(q) = t*q + 160*q + 8 - 333*q. What is the units digit of i(-8)?
4
Suppose -17*z + 11309 = 3*a - 12*z, -2*a - 4*z = -7536. What is the hundreds digit of a?
7
Let j = 49231 + -34275. What is the tens digit of j?
5
Let k(b) = 224*b**2 + 70*b - 136. What is the ten thousands digit of k(-9)?
1
Suppose k + 2*i - 10 = 0, -4*k - 14 = -5*i - 2. Let w be (5/5 - k) + 6. Suppose -w*r = 2*r - 553. What is the tens digit of r?
7
Let n(q) = 566*q**3 + 4*q**2 - 4*q + 1. Let d be (8/24)/(3/(5 + 4)). What is the tens digit of n(d)?
6
Suppose -2*g + 5*d + 13 = 0, 12*d + 9 = 9*d. What is the tens digit of g - -7 - (-700 - 0)?
0
Let p(n) = n**3 + 21*n**2 - 20*n + 3. Let k be p(-20). Suppose 5*l - 30 = -25, -2*l - k = -h. What is the tens digit of h?
0
Let l(o) = 368*o**2 - 3*o + 4. Suppose -31*y + 3*y = -28. What is the tens digit of l(y)?
6
Let a = -51 + 51. Let k = 2 - a. What is the hundreds digit of (-1)/((-3)/(-984))*(-1)/k?
1
Let m(h) = h**2 - 211*h - 265. What is the hundreds digit of m(-44)?
9
Let b = -36370 + 64004. What is the units digit of b?
4
Let o(v) = 362*v**2 + v + 54. What is the thousands digit of o(-4)?
5
Let i(a) = -a**2 + 6*a + 1431. Let p be i(0). Let g = p + -905. What is the units digit of g?
6
Let x(p) = -62*p - 7. Suppose 3*n + 2*l = 5*l + 6, n - 4*l = -4. Suppose -b = n - 2. What is the tens digit of x(b)?
1
Suppose 129*n - 151*n + 54516 = 0. What is the hundreds digit of (-1)/(1/n*-2)?
2
Let w be (4/(-16))/(3/19284). Let q = w - -2474. What is the tens digit of q?
6
Suppose -3*r = -0*r + 5*s - 869, -3*s + 581 = 2*r. Let c be 81/(-18)*(-408)/18. What is the units digit of r/12 - (-3 + c/36)?
5
Suppose 20*b + 3*b - 7337 = 0. Let j = b + 1. What is the units digit of j?
0
Let k = 499 + -493. What is the tens digit of 4696/8*(-5 + k)?
8
Let a(u) = u**3 - 17*u**2 - 19*u + 17. Suppose 5*g - w - 66 - 26 = 0, -3*g + 4*w + 62 = 0. Let z be a(g). What is the tens digit of ((-2)/2)/(z/52)?
5
Suppose -2685 = -5*c + 425. Suppose c = 10*j - 9*j. What is the hundreds digit of j?
6
Suppose -2*j + 2*l = -52, -3*l - 88 - 19 = -4*j. Let f(z) = -z**2 + 47*z - 130. What is the hundreds digit of f(j)?
3
Suppose 3*f + 4*p + 142 = 1195, 3*f + 5*p = 1056. What is the hundreds digit of f?
3
Suppose 5*g + b + 280 = -5335, -3369 = 3*g + 4*b. Let d = g + 2139. What is the thousands digit of d?
1
Suppose 0 = -3*j + 9*b - 6*b + 516, -2*j + b + 348 = 0. Let i = 288 - j. What is the units digit of i?
2
Let b(o) = 3*o**2 + 18*o - 11. Let j be b(-18). Let q = 1243 - j. What is the tens digit of q?
0
Let g(x) = -13*x - 7 + 71*x + 16 + 6*x. What is the tens digit of g(2)?
3
Let h be (16/14*(-35)/(-10))/(-1). Let q = h - -21. Suppose -134 = q*f - 19*f. What is the tens digit of f?
6
Let u = 322 - -185. Let d = 1112 - u. What is the tens digit of d?
0
Let r(d) = -20*d + 10. Let t be r(3). Let x = -45 - t. Suppose -x*m + 402 = -708. What is the tens digit of m?
2
Suppose -4*q = 5*y - 93714, 86*q 